{"id":331,"date":"2017-01-23T19:44:59","date_gmt":"2017-01-23T19:44:59","guid":{"rendered":"http:\/\/marketing.sandiego.edu\/alumnihonors21\/?page_id=331"},"modified":"2021-07-18T22:36:13","modified_gmt":"2021-07-18T22:36:13","slug":"emiliano-gallego","status":"publish","type":"page","link":"https:\/\/marketing.sandiego.edu\/alumnihonors21\/2015honorees\/emiliano-gallego\/","title":{"rendered":"Emiliano Gallego \u201900 (BS\/BA), \u201911 (MSEL)"},"content":{"rendered":"\n\n\t\t\t\t<img decoding=\"async\" src=\"http:\/\/marketing.sandiego.edu\/alumnihonors21\/wp-content\/uploads\/sites\/44\/2017\/01\/Emiliano-Gallego-Headshot-400-500.jpg\" alt=\"Emiliano-Gallego-Headshot-400-500\" itemprop=\"image\" title=\"Emiliano-Gallego-Headshot-400-500\" onerror=\"this.style.display='none'\"  \/>\n\t\t\t<a href=\"https:\/\/www.youtube.com\/watch?v=4L1kBYYCvwA\" role=\"button\">\n\t\t\t\t\t\t\t<h4>Honoree Video<\/h4>\n\t\t\t\t\t<\/a>\n\t<h3>Author E. Hughes Career Achievement Award<\/h3>\n<h4>Shiley-Marcos School of Engineering<\/h4>\n<h5>Emiliano Gallego &#8217;00 (BS\/BA), &#8217;11 (MSEL)<\/h5>\n<h6>CEO, PAGASA SA de CV<\/h6>\n<p>Emiliano Gallego was born in El Centro, Calif., and raised in the border city of Mexicali, Mexico, a region known for its excellent wheat harvests.<\/p>\n<p>He graduated from the University of San Diego in 2000 with a joint BS\/BA degree in industrial and systems engineering. After graduation, he began working in sales for PAGASA&#8217;s pasta and cookie manufacturing plant located in Tijuana, Mexico. Seven years later, he was named general manager. Under Gallego&#8217;s leadership, the company tripled its sales and production capacity. It is currently the only pasta company in Mexico to have FSSC certification, guaranteeing global standards in quality and hygiene. The company has received more than $10 million in federal grants for its innovative machinery design and production workflow.<\/p>\n<p>As a strong believer in education, Gallego returned to USD to earn a Master of Science in Executive Leadership degree in 2011.<\/p>\n<p>Today, Gallego serves on various education-related boards, including the governing board at El Centro de Ense\u00f1anza T\u00e9cnica y Superior (CETYS) Universidad, USD&#8217;s Comit\u00e9 Mexico advisory board, and the advisory board for USD&#8217;s Shiley-Marcos School of Engineering. He is also president of the FFGM Entrepreneurship Fund, which supports the new ventures of young entrepreneurs.<\/p>\n\t\t\t\t<img loading=\"lazy\" decoding=\"async\" src=\"https:\/\/marketing.sandiego.edu\/alumnihonors21\/wp-content\/uploads\/sites\/44\/2016\/11\/AH_2021_Web_1350px.png\" alt=\"Line\" itemprop=\"image\" height=\"58\" width=\"1350\" title=\"Line\" onerror=\"this.style.display='none'\"  \/>\n\t\t\t\t<a href=\"http:\/\/toreronetwork.sandiego.edu\/s\/1374\/hybrid\/start.aspx?sid=1374&#038;gid=2&#038;pgid=61\" target=\"_blank\" rel=\"noopener\" itemprop=\"url\">\n\t\t\t\t<img loading=\"lazy\" decoding=\"async\" src=\"https:\/\/marketing.sandiego.edu\/alumnihonors21\/wp-content\/uploads\/sites\/44\/2016\/11\/2c-Horizontal-Logo-reverse-700.png\" alt=\"University of San Diego\" itemprop=\"image\" height=\"156\" width=\"700\" title=\"University of San Diego\" onerror=\"this.style.display='none'\"  \/>\n\t\t\t\t<\/a>\n\n","protected":false},"excerpt":{"rendered":"<p>Honoree Video Author E. Hughes Career Achievement Award Shiley-Marcos School of Engineering Emiliano Gallego &#8217;00 (BS\/BA), &#8217;11 (MSEL) CEO, PAGASA SA de CV Emiliano Gallego was born in El Centro, Calif., and raised in the border city of Mexicali, Mexico, a region known for its excellent wheat harvests. He graduated from the University of San&hellip;<\/p>\n","protected":false},"author":14,"featured_media":0,"parent":210,"menu_order":0,"comment_status":"closed","ping_status":"closed","template":"","meta":{"footnotes":"","_links_to":"","_links_to_target":""},"class_list":["post-331","page","type-page","status-publish","hentry"],"_links":{"self":[{"href":"https:\/\/marketing.sandiego.edu\/alumnihonors21\/wp-json\/wp\/v2\/pages\/331","targetHints":{"allow":["GET"]}}],"collection":[{"href":"https:\/\/marketing.sandiego.edu\/alumnihonors21\/wp-json\/wp\/v2\/pages"}],"about":[{"href":"https:\/\/marketing.sandiego.edu\/alumnihonors21\/wp-json\/wp\/v2\/types\/page"}],"author":[{"embeddable":true,"href":"https:\/\/marketing.sandiego.edu\/alumnihonors21\/wp-json\/wp\/v2\/users\/14"}],"replies":[{"embeddable":true,"href":"https:\/\/marketing.sandiego.edu\/alumnihonors21\/wp-json\/wp\/v2\/comments?post=331"}],"version-history":[{"count":5,"href":"https:\/\/marketing.sandiego.edu\/alumnihonors21\/wp-json\/wp\/v2\/pages\/331\/revisions"}],"predecessor-version":[{"id":1484,"href":"https:\/\/marketing.sandiego.edu\/alumnihonors21\/wp-json\/wp\/v2\/pages\/331\/revisions\/1484"}],"up":[{"embeddable":true,"href":"https:\/\/marketing.sandiego.edu\/alumnihonors21\/wp-json\/wp\/v2\/pages\/210"}],"wp:attachment":[{"href":"https:\/\/marketing.sandiego.edu\/alumnihonors21\/wp-json\/wp\/v2\/media?parent=331"}],"curies":[{"name":"wp","href":"https:\/\/api.w.org\/{rel}","templated":true}]}}